{"id":3797,"date":"2023-11-11T21:57:22","date_gmt":"2023-11-11T21:57:22","guid":{"rendered":"https:\/\/lunextrading.com\/?post_type=product&#038;p=3797"},"modified":"2023-11-13T17:23:52","modified_gmt":"2023-11-13T17:23:52","slug":"ultenic-aspirateur-sans-fil-fs1","status":"publish","type":"product","link":"https:\/\/lunextrading.com\/?product=ultenic-aspirateur-sans-fil-fs1","title":{"rendered":"ULTENIC Aspirateur sans fil FS1"},"content":{"rendered":"<table class=\"a-normal a-spacing-micro\">\n<tbody>\n<tr class=\"a-spacing-small po-brand\">\n<td class=\"a-span3\"><span class=\"a-size-base a-text-bold\">Marque<\/span><\/td>\n<td class=\"a-span9\"><span class=\"a-size-base po-break-word\">Ultenic<\/span><\/td>\n<\/tr>\n<tr class=\"a-spacing-small po-special_feature\">\n<td class=\"a-span3\"><span class=\"a-size-base a-text-bold\">Caract\u00e9ristique sp\u00e9ciale<\/span><\/td>\n<td class=\"a-span9\">450W\/30Kpa Aspirateur Puissant ;4 Vitesses &amp; D\u00e9tection Tapis ;Filtration \u00e0 5 Couches &amp; Lampes UV ;Aspirateur avec Sac 3L &amp; Tube T\u00e9lescopique &amp; T\u00eate de Brosse 180\u00b0 avec LED ;Jusqu&#8217;\u00e0 60 Min Autonomie &amp; Batterie Amovible ;Aspirateur sans Fil Multifonctions avec Station de Nettoyage<\/td>\n<\/tr>\n<tr class=\"a-spacing-small po-filter_type\">\n<td class=\"a-span3\"><span class=\"a-size-base a-text-bold\">Type de filtre<\/span><\/td>\n<td class=\"a-span9\"><span class=\"a-size-base po-break-word\">Filtre HEPA<\/span><\/td>\n<\/tr>\n<tr class=\"a-spacing-small po-included_components\">\n<td class=\"a-span3\"><span class=\"a-size-base a-text-bold\">Composants inclus<\/span><\/td>\n<td class=\"a-span9\">Adaptateur; Manuel multilingue, Aspirateur sans fil FS1, Outil Combin\u00e9; Brosse \u00e0 crevasses; Brosse de nettoyage, Pr\u00e9-moteur HEPA (1 suppl\u00e9mentaire); Sacs \u00e0 poussi\u00e8re (2 suppl\u00e9mentaires); Station Fiber Cotton (2 extra), Station de vidange automatique<\/td>\n<\/tr>\n<tr class=\"a-spacing-small po-is_cordless\">\n<td class=\"a-span3\"><span class=\"a-size-base a-text-bold\">Sans fil\u00a0?<\/span><\/td>\n<td class=\"a-span9\"><span class=\"a-size-base po-break-word\">Oui<\/span><\/td>\n<\/tr>\n<tr class=\"a-spacing-small po-wattage\">\n<td class=\"a-span3\"><span class=\"a-size-base a-text-bold\">Puissance<\/span><\/td>\n<td class=\"a-span9\"><span class=\"a-size-base po-break-word\">450 Watts<\/span><\/td>\n<\/tr>\n<tr class=\"a-spacing-small po-runtime\">\n<td class=\"a-span3\"><span class=\"a-size-base a-text-bold\">Dur\u00e9e d\u2019ex\u00e9cution<\/span><\/td>\n<td class=\"a-span9\"><span class=\"a-size-base po-break-word\">1 heure<\/span><\/td>\n<\/tr>\n<tr class=\"a-spacing-small po-battery.charge_time\">\n<td class=\"a-span3\"><span class=\"a-size-base a-text-bold\">Temps de charge<\/span><\/td>\n<td class=\"a-span9\"><span class=\"a-size-base po-break-word\">3,5 heures<\/span><\/td>\n<\/tr>\n<tr class=\"a-spacing-small po-recommended_uses_for_product\">\n<td class=\"a-span3\"><span class=\"a-size-base a-text-bold\">Usages recommand\u00e9s pour le produit<\/span><\/td>\n<td class=\"a-span9\"><span class=\"a-size-base\"><span class=\"a-truncate po-truncate-attribute\" data-a-word-break=\"normal\" data-a-truncate-name=\"po-attribute-truncate-8\" data-a-max-rows=\"3\" data-a-overflow-marker=\"&amp;hellip;\" data-a-recalculate=\"false\" data-a-updated=\"true\"><span class=\"a-truncate-full a-offscreen\">Tapis et carpettes, Sols durs, Tapisserie d&#8217;ameublement, Escaliers et voiture, Carrelage, Planchers en bois, Multi surface<\/span><span class=\"a-truncate-cut\" aria-hidden=\"true\">Tapis et carpettes, Sols durs, Tapisserie d&#8217;ameublement, Escaliers et voiture, Carrelage, Planchers en bois, Multi surface<\/span><\/span><\/span><\/td>\n<\/tr>\n<tr class=\"a-spacing-small po-form_factor\">\n<td class=\"a-span3\"><span class=\"a-size-base a-text-bold\">Facteur de forme<\/span><\/td>\n<\/tr>\n<\/tbody>\n<\/table>\n","protected":false},"excerpt":{"rendered":"<p>Marque Ultenic Caract\u00e9ristique sp\u00e9ciale 450W\/30Kpa Aspirateur Puissant ;4 Vitesses &amp; D\u00e9tection Tapis ;Filtration \u00e0 5 Couches &amp; Lampes UV ;Aspirateur avec Sac 3L &amp; Tube T\u00e9lescopique &amp; T\u00eate de Brosse 180\u00b0 avec LED ;Jusqu&#8217;\u00e0 60 Min Autonomie &amp; Batterie Amovible ;Aspirateur sans Fil Multifonctions avec Station de Nettoyage Type de filtre Filtre HEPA Composants inclus [&hellip;]<\/p>\n","protected":false},"featured_media":3785,"comment_status":"open","ping_status":"closed","template":"","meta":[],"product_cat":[61,55,59],"product_tag":[],"jetpack_sharing_enabled":true,"_links":{"self":[{"href":"https:\/\/lunextrading.com\/index.php?rest_route=\/wp\/v2\/product\/3797"}],"collection":[{"href":"https:\/\/lunextrading.com\/index.php?rest_route=\/wp\/v2\/product"}],"about":[{"href":"https:\/\/lunextrading.com\/index.php?rest_route=\/wp\/v2\/types\/product"}],"replies":[{"embeddable":true,"href":"https:\/\/lunextrading.com\/index.php?rest_route=%2Fwp%2Fv2%2Fcomments&post=3797"}],"wp:featuredmedia":[{"embeddable":true,"href":"https:\/\/lunextrading.com\/index.php?rest_route=\/wp\/v2\/media\/3785"}],"wp:attachment":[{"href":"https:\/\/lunextrading.com\/index.php?rest_route=%2Fwp%2Fv2%2Fmedia&parent=3797"}],"wp:term":[{"taxonomy":"product_cat","embeddable":true,"href":"https:\/\/lunextrading.com\/index.php?rest_route=%2Fwp%2Fv2%2Fproduct_cat&post=3797"},{"taxonomy":"product_tag","embeddable":true,"href":"https:\/\/lunextrading.com\/index.php?rest_route=%2Fwp%2Fv2%2Fproduct_tag&post=3797"}],"curies":[{"name":"wp","href":"https:\/\/api.w.org\/{rel}","templated":true}]}}