{"id":1141,"date":"2023-08-14T19:49:30","date_gmt":"2023-08-14T19:49:30","guid":{"rendered":"https:\/\/lunextrading.com\/?page_id=1141"},"modified":"2023-08-19T21:29:06","modified_gmt":"2023-08-19T21:29:06","slug":"mention-legal","status":"publish","type":"page","link":"https:\/\/lunextrading.com\/?page_id=1141&lang=fr","title":{"rendered":"MENTION LEGAL"},"content":{"rendered":"\n<div style=\"height:38px\" aria-hidden=\"true\" class=\"wp-block-spacer\"><\/div>\n\n\n\n<p><strong><em>Conditions g\u00e9n\u00e9rales d&#8217;utilisation du site lunextrading.com&nbsp; &nbsp; &nbsp; &nbsp;&nbsp;<\/em><\/strong><\/p>\n\n\n\n<p><strong><em>Pr\u00e9ambule<\/em><\/strong><br><\/p>\n\n\n\n<p>Le pr\u00e9sent contrat d\u00e9finit :<\/p>\n\n\n\n<p>&#8211; les conditions d\u2019acc\u00e8s de l&#8217;utilisateur (ci-apr\u00e8s d\u00e9sign\u00e9 &#8220;revendeur&#8221;) au site internet d\u2019LUNEX (ci-apr\u00e8s d\u00e9sign\u00e9 &#8220;site&#8221;) ce syst\u00e8me \u00e9tant compos\u00e9 du site internet LUNEX www.lunextrading.com et tous autres moyens d\u2019\u00e9changes \u00e9lectroniques pr\u00e9sents et \u00e0 venir,<\/p>\n\n\n\n<p>&#8211; les proc\u00e9dures de passation de commandes sur ce site,<\/p>\n\n\n\n<p>&#8211; les engagements du revendeur intrins\u00e8ques \u00e0 l\u2019utilisation de ce site.<\/p>\n\n\n\n<p>Ces conditions g\u00e9n\u00e9rales d&#8217;utilisation doivent \u00eatre accept\u00e9es par tout revendeur souhaitant acc\u00e9der au site. Elles constituent le contrat entre le site et le revendeur. Son acc\u00e8s au site signifie son acceptation des pr\u00e9sentes conditions g\u00e9n\u00e9rales d&#8217;utilisation.&nbsp;La dur\u00e9e du pr\u00e9sent contrat est ind\u00e9termin\u00e9e. Le contrat produit ses effets \u00e0 l&#8217;\u00e9gard du revendeur \u00e0 compter de l&#8217;utilisation du service. Le site se r\u00e9serve \u00e0 tout moment le droit de modifier les clauses stipul\u00e9es dans le pr\u00e9sent contrat.<\/p>\n\n\n\n<p><strong><em>Mentions l\u00e9gales (<u>article 6.III de LCEN<\/u>)<\/em><\/strong><strong><em><br><\/em><\/strong><\/p>\n\n\n\n<p>Le site &#8220;www.lunextrading.com&#8221; est \u00e9dit\u00e9 par la soci\u00e9t\u00e9 LUNEX SAS. Son si\u00e8ge social est situ\u00e9 au 9 rue des colonnes,75002 Paris France. Tel : +33(1)&nbsp;<strong>1 75 26 37 82<\/strong>&nbsp;RCS Paris : 978462307. Capital social : 3000 \u20ac. Num\u00e9ro de TVA intracommunautaire : FR 93 978462307.&nbsp;<\/p>\n\n\n\n<p><strong>1)&nbsp;Acc\u00e8s au site d&#8217;LUNEX&nbsp;<\/strong><\/p>\n\n\n\n<p>1.1 G\u00e9n\u00e9ralit\u00e9s<\/p>\n\n\n\n<p><strong>1.1.1 Engagement du revendeur&nbsp;<\/strong><\/p>\n\n\n\n<p>L\u2019acc\u00e8s au site d\u2019LUNEX est autoris\u00e9 au revendeur \u00e0 condition que ce dernier s\u2019engage et se conforme strictement aux proc\u00e9dures d&#8217;acc\u00e8s r\u00e9servant l&#8217;acc\u00e8s dudit site \u00e0 des personnes autoris\u00e9es, que le revendeur utilise les informations disponibles sur le site aux seules fins de son activit\u00e9 de revendeur de produits fournis par LUNEX et sous condition expresse que le revendeur accepte que la responsabilit\u00e9 d\u2019LUNEX soit limit\u00e9e comme pr\u00e9vu \u00e0 l&#8217;article 1.4 ci-apr\u00e8s.<\/p>\n\n\n\n<p><strong>1.1.2 Code d\u2019acc\u00e8s du revendeur&nbsp;<\/strong><br><\/p>\n\n\n\n<p>LUNEX communiquera au repr\u00e9sentant l\u00e9gal du revendeur, ou \u00e0 toute personne d\u00e9sign\u00e9e par lui (appel\u00e9e &#8221; administrateur &#8220;) et sous sa responsabilit\u00e9, un code d\u2019acc\u00e8s personnel et un mot de passe. En particulier, ces identifiants permettront au revendeur de consulter les prix, de passer des commandes et d\u2019acc\u00e9der \u00e0 toute autre fonctionnalit\u00e9 disponible sur le site. L\u2019administrateur s&#8217;engage \u00e0 ne pas communiquer son code \u00e0 un tiers et \u00e0 ne l&#8217;inscrire sur aucun document. Toutes les actions r\u00e9alis\u00e9es sont r\u00e9put\u00e9es faites par le revendeur ou en son nom et ce dernier est seul responsable de ces actions.<br><\/p>\n\n\n\n<p>1.2 Obligations du revendeur<br>Le revendeur s\u2019engage \u00e0 respecter l\u2019ensemble des instructions d\u2019utilisation du site, les proc\u00e9dures et consignes de s\u00e9curit\u00e9 d\u00e9finies par LUNEX , qui pourront par ailleurs \u00eatre modifi\u00e9es par LUNEX unilat\u00e9ralement et sans pr\u00e9avis.<\/p>\n\n\n\n<p>Le revendeur s&#8217;engage ainsi :<\/p>\n\n\n\n<p>(a) \u00e0 ne pas acc\u00e9der ni tenter d\u2019acc\u00e9der au site autrement qu&#8217;en utilisant son code d&#8217;acc\u00e8s conform\u00e9ment aux proc\u00e9dures d&#8217;acc\u00e8s, et<\/p>\n\n\n\n<p>(b) \u00e0 informer imm\u00e9diatement LUNEX , d\u00e8s qu&#8217;il en a connaissance, de tout risque d&#8217;abus ou d&#8217;utilisation non autoris\u00e9e de son code et \u00e0 confirmer sans d\u00e9lai \u00e0 LUNEX l&#8217;existence d&#8217;un tel usage, par tout mode de communication \u00e9crit confirm\u00e9 par lettre recommand\u00e9e.<\/p>\n\n\n\n<p>1.3 Informations accessibles sur le site LUNEX&nbsp;<br><\/p>\n\n\n\n<p>L&#8217;acc\u00e8s au site d\u2019LUNEX permet au revendeur d&#8217;acc\u00e9der entre autres aux donn\u00e9es et informations suivantes, propri\u00e9t\u00e9s d\u2019LUNEX :<\/p>\n\n\n\n<p>&nbsp;&nbsp;&nbsp;&nbsp;&nbsp;&nbsp;&nbsp;&nbsp;&nbsp;(a) &nbsp; Informations sur les produits et sur les prix (prix public indicatif et revendeurs, \u00e9cotaxe, sorecop &#8230;),<\/p>\n\n\n\n<p>&nbsp;&nbsp;&nbsp;&nbsp;&nbsp;&nbsp;&nbsp;&nbsp;&nbsp;(b) &nbsp; &nbsp;Etat et suivi des commandes,<\/p>\n\n\n\n<p>&nbsp;&nbsp;&nbsp;&nbsp;&nbsp;&nbsp;&nbsp;&nbsp;&nbsp;(c) &nbsp; &nbsp;\u00c9tat indicatif des stocks,<\/p>\n\n\n\n<p>&nbsp;&nbsp;&nbsp;&nbsp;&nbsp;&nbsp;&nbsp;&nbsp;&nbsp;(d) &nbsp; &nbsp;Fiches produits et visuels,<\/p>\n\n\n\n<p>&nbsp;&nbsp;&nbsp;&nbsp;&nbsp;&nbsp;&nbsp;&nbsp;&nbsp;(e) &nbsp; &nbsp;Modes d&#8217;emploi et logiciels,<\/p>\n\n\n\n<p>&nbsp;&nbsp;&nbsp;&nbsp;&nbsp;&nbsp;&nbsp;&nbsp;&nbsp;(f) &nbsp; &nbsp; Certificat de conformit\u00e9.<\/p>\n\n\n\n<p>Le revendeur d\u00e9clare accepter qu\u2019LUNEX modifie les informations accessibles sur le site.<\/p>\n\n\n\n<p>1.4 Limitations de la responsabilit\u00e9 d\u2019LUNEX&nbsp;<br><\/p>\n\n\n\n<p>L&#8217;acc\u00e8s au site \u00e9tant gratuit, hormis le co\u00fbt du prix de la connexion ainsi que celui du mat\u00e9riel n\u00e9cessaire \u00e0 celle-ci, ce que reconna\u00eet express\u00e9ment le revendeur, la responsabilit\u00e9 d\u2019LUNEX vis-\u00e0-vis du revendeur est par convention expresse soumise aux limitations et conditions suivantes sans lesquelles LUNEX n&#8217;aurait pas consenti aux pr\u00e9sentes conditions :<\/p>\n\n\n\n<p>(I) Tout en s\u2019effor\u00e7ant d&#8217;apporter le plus grand soin au contenu des informations et donn\u00e9es disponibles sur le site et \u00e0 leur mise \u00e0 jour, LUNEX n&#8217;est en aucun cas tenu \u00e0 une obligation de r\u00e9sultat quant \u00e0 l&#8217;exactitude de ses informations et donn\u00e9es, notamment &nbsp;LUNEX se r\u00e9serve le droit de corriger toute erreur de prix ou tarifaire au moment de sa consultation.<\/p>\n\n\n\n<p>(II) LUNEX ne pourra en particulier \u00eatre tenu responsable :<\/p>\n\n\n\n<p>&nbsp;&nbsp;&nbsp;&nbsp;&nbsp;&nbsp;&nbsp;&nbsp;&nbsp;(a) des interruptions du fonctionnement, interruption, arr\u00eat d\u2019acc\u00e8s retards sur le traitement\u2026 dus \u00e0 l\u2019ex\u00e9cution de travaux de maintenance, \u00e0 des pannes techniques, \u00e0 la force majeure, au fait de tiers ou \u00e0 toutes circonstances, quelles qu\u2019elles soient, ind\u00e9pendantes de sa volont\u00e9.<\/p>\n\n\n\n<p>&nbsp;&nbsp;&nbsp;&nbsp;&nbsp;&nbsp;&nbsp;&nbsp;&nbsp;(b) aux cas de faits ind\u00e9pendants de sa volont\u00e9, notamment en cas de dysfonctionnement du r\u00e9seau Internet ou de la d\u00e9faillance du mat\u00e9riel de r\u00e9ception du revendeur au r\u00e9seau Internet ;<\/p>\n\n\n\n<p>(III) LUNEX ne pourra en aucun cas \u00eatre tenu pour responsable de l\u2019utilisation illicite ou abusive du code du revendeur et de toute utilisation indue en r\u00e9sultant.<\/p>\n\n\n\n<p><strong>En cons\u00e9quence la responsabilit\u00e9 d\u2019LUNEX vis-\u00e0-vis du revendeur ne pourra \u00eatre mise en cause par ce dernier uniquement dans le cas de faute lourde&nbsp;d\u00fbment&nbsp;\u00e9tablie et sera express\u00e9ment limit\u00e9e aux seuls dommages directs, \u00e0 l\u2019exclusion de tout dommage indirect tel que la perte d\u2019exploitation, b\u00e9n\u00e9fice ou&nbsp;pr\u00e9judice commercial.<\/strong><\/p>\n\n\n\n<p><strong>2)&nbsp;Vente \u00e0 distance au moyen du site<\/strong><strong><br><\/strong><br>2.1 G\u00e9n\u00e9ralit\u00e9s<\/p>\n\n\n\n<p>Le revendeur est autoris\u00e9 \u00e0 passer des commandes aupr\u00e8s de d\u2019LUNEX au moyen du site sous la condition qu\u2019il se conforme aux conditions et proc\u00e9dures ci-apr\u00e8s et qu\u2019il accepte que la responsabilit\u00e9 d\u2019LUNEX soit limit\u00e9e comme indiqu\u00e9 \u00e0 l&#8217;article 2.4 des pr\u00e9sentes conditions, notamment en raison du fait que ce service est fourni gratuitement au revendeur.<br><\/p>\n\n\n\n<p>2.2 Proc\u00e9dure de passation des commandes.<br><\/p>\n\n\n\n<p>2.2.1 &nbsp;Acc\u00e8s r\u00e9serv\u00e9 :<\/p>\n\n\n\n<p>La passation de commandes sur le site est strictement r\u00e9serv\u00e9e au revendeur titulaire d\u2019un code d\u2019acc\u00e8s, sous r\u00e9serve de l&#8217;acceptation expresse par le revendeur des pr\u00e9sentes conditions. En cons\u00e9quence, le revendeur reconna\u00eet et accepte que la passation de commandes par l&#8217;interm\u00e9diaire du site est subordonn\u00e9e \u00e0 la justification par le revendeur de son code d\u2019acc\u00e8s autoris\u00e9. Le revendeur s&#8217;engage \u00e0 ne pas acc\u00e9der ni chercher \u00e0 acc\u00e9der aux modules \u00e9lectroniques de passation de commandes du site sans disposer d&#8217;un code d\u2019acc\u00e8s autoris\u00e9 et autrement qu&#8217;en utilisant ledit code d\u2019acc\u00e8s conform\u00e9ment aux proc\u00e9dures d&#8217;acc\u00e8s.<\/p>\n\n\n\n<p><strong>Il est express\u00e9ment convenu entre LUNEX et le revendeur que l\u2019utilisation d\u2019un code d\u2019acc\u00e8s autoris\u00e9 sur le site constitue la preuve irr\u00e9futable et compl\u00e8te de l\u2019identit\u00e9 du revendeur et de la qualit\u00e9 de la personne physique composant le code \u00e0 repr\u00e9senter valablement le revendeur, ce que le revendeur reconna\u00eet express\u00e9ment.<\/strong><\/p>\n\n\n\n<p>2.2.2 Passation de la commande<\/p>\n\n\n\n<p>La passation d\u2019une commande sur le site est soumise au strict respect de la proc\u00e9dure suivante :<\/p>\n\n\n\n<p>&nbsp;&nbsp;&nbsp;&nbsp;&nbsp;&nbsp;&nbsp;&nbsp;&nbsp;(a) acc\u00e8s du revendeur au processus de passation de commande par la saisie de son code d\u2019acc\u00e8s autoris\u00e9 ;<\/p>\n\n\n\n<p>&nbsp;&nbsp;&nbsp;&nbsp;&nbsp;&nbsp;&nbsp;&nbsp;&nbsp;(b) saisie et validation par le revendeur d&#8217;un bon de commande comportant identification et quantit\u00e9 des produits command\u00e9s, prix d&#8217;achat (\u00e0 confirmer le cas \u00e9ch\u00e9ant par LUNEX ) ;<\/p>\n\n\n\n<p>&nbsp;&nbsp;&nbsp;&nbsp;&nbsp;&nbsp;&nbsp;&nbsp;&nbsp;(c) confirmation de la commande par LUNEX au revendeur, par email ou tout autre moyen, avec si n\u00e9cessaire indication des difficult\u00e9s ou r\u00e9serves &nbsp;\u00e9ventuelles engendr\u00e9es par la commande ;&nbsp;<\/p>\n\n\n\n<p>&nbsp;&nbsp;&nbsp;&nbsp;&nbsp;&nbsp;&nbsp;&nbsp;&nbsp;(d) dans le cas o\u00f9 la commande du revendeur ne pourrait pas \u00eatre accept\u00e9e par LUNEX , LUNEX s&#8217;engage \u00e0 indiquer au revendeur par courriel ou tout autre moyen les conditions auxquelles la commande pourra \u00eatre accept\u00e9e, telles que les conditions relatives aux produits, aux quantit\u00e9s, au lieu de transport, aux prix, frais de gestion, de manutention ou de port.<\/p>\n\n\n\n<p>2.2.3 Preuve de la commande et de la vente en r\u00e9sultant<br>Il est express\u00e9ment convenu entre LUNEX et le revendeur que toute passation de commande sur le site r\u00e9alis\u00e9e au moyen d\u2019un code d\u2019acc\u00e8s autoris\u00e9 du revendeur et confirm\u00e9e par LUNEX par email ou par tout autre moyen, sera opposable au revendeur comme preuve irr\u00e9futable et compl\u00e8te de cette commande.<\/p>\n\n\n\n<p><strong>3)&nbsp;Confidentialit\u00e9<\/strong><strong><br><\/strong>Le revendeur s\u2019engage \u00e0 ne r\u00e9v\u00e9ler aucune des informations auxquelles il peut avoir acc\u00e8s sur le site dans &nbsp;le cadre des pr\u00e9sentes conditions en particulier en ce qui concerne les prix des produits LUNEX , les proc\u00e9dures d&#8217;acc\u00e8s au site et les proc\u00e9dures de passation de commande \u00e9lectronique sur le site, le code d\u2019acc\u00e8s. Cette obligation du revendeur se poursuivra apr\u00e8s cessation des relations commerciales unissant les parties.<strong><br><\/strong><\/p>\n\n\n\n<p><strong>4)&nbsp;Droit de propri\u00e9t\u00e9<\/strong><strong><br><\/strong><\/p>\n\n\n\n<p>4.1 Le revendeur reconna\u00eet que toutes les donn\u00e9es, images photographies et textes incluant notamment les fiches produits et les comparatifs techniques rendus accessibles par LUNEX sur le site restent la propri\u00e9t\u00e9 enti\u00e8re et exclusive d\u2019LUNEX en accord avec les marques respectives et sont strictement r\u00e9serv\u00e9s \u00e0 l\u2019usage interne du revendeur. En cons\u00e9quence, le revendeur s\u2019interdit sans autorisation pr\u00e9alable et \u00e9crite d\u2019LUNEX :<\/p>\n\n\n\n<p>&nbsp;&nbsp;&nbsp;&nbsp;&nbsp;&nbsp;&nbsp;&nbsp;(a) de dupliquer, copier, imprimer ou publier ces donn\u00e9es, images, photographies et textes et, plus g\u00e9n\u00e9ralement, de les utiliser \u00e0 toute fin commerciale ;<\/p>\n\n\n\n<p>&nbsp;&nbsp;&nbsp;&nbsp;&nbsp;&nbsp;&nbsp;&nbsp;&nbsp;(b) d&#8217;utiliser ces donn\u00e9es, images, photographies et textes comme base dans l\u2019\u00e9laboration de catalogues ou autres outils marketing.<\/p>\n\n\n\n<p>&nbsp;&nbsp;&nbsp;&nbsp;&nbsp;&nbsp;&nbsp;&nbsp;&nbsp;(c) de ne proc\u00e9der \u00e0 aucune extraction de ces donn\u00e9es, images, photographies et textes ;<\/p>\n\n\n\n<p>4.2 Le revendeur reconna\u00eet les droits exclusifs d\u2019 LUNEX sur sa marque LUNEX et s&#8217;interdit d&#8217;en faire un usage quelconque. De plus le revendeur s&#8217;engage \u00e0 ne rien faire qui puisse entrainer ou cr\u00e9er une quelconque confusion entre lui et LUNEX vis-\u00e0-vis des tiers et notamment vis-\u00e0-vis de ses propres clients. En cons\u00e9quence le revendeur s&#8217;interdit de faire une quelconque r\u00e9f\u00e9rence \u00e0 LUNEX ou au site dans ses communications aux tiers et plus &nbsp;g\u00e9n\u00e9ralement \u00e0 ne rien faire qui puisse engager la responsabilit\u00e9 de LUNEX vis-\u00e0-vis des tiers.&nbsp;<\/p>\n\n\n\n<p><strong>5)&nbsp;Loi &nbsp;applicable et Tribunal comp\u00e9tent<\/strong><\/p>\n\n\n\n<p>En cas de contestation pouvant surgir entre les parties, incluant tous diff\u00e9rends relatifs \u00e0 la conclusion, l\u2019interpr\u00e9tation ou l\u2019ex\u00e9cution du contrat, \u00e0 d\u00e9faut de r\u00e8glement amiable, le Tribunal de Paris, dans le ressort duquel se trouve le si\u00e8ge d\u2019LUNEX , est seul reconnu comp\u00e9tent, quelles que soient les garanties contractuelles et le mode de paiement accept\u00e9, m\u00eame en cas de r\u00e9f\u00e9r\u00e9s, d\u2019appel en garantie, ou de pluralit\u00e9 des d\u00e9fendeurs.&nbsp;<\/p>\n\n\n\n<p>Les droits et obligations des parties sont r\u00e9gis par le droit fran\u00e7ais.<\/p>\n\n\n\n<hr class=\"wp-block-separator has-alpha-channel-opacity\"\/>\n\n\n\n<hr class=\"wp-block-separator has-alpha-channel-opacity\"\/>\n\n\n\n<p><strong><em>Politique d&#8217;utilisation des cookies<\/em><\/strong><\/p>\n\n\n\n<p>Lors de la consultation de notre site lunextrading.com, des cookies sont d\u00e9pos\u00e9s sur votre ordinateur, votre mobile ou votre tablette.<\/p>\n\n\n\n<p>Notre site est con\u00e7u pour \u00eatre attentif aux besoins et attentes de nos clients. C&#8217;est notamment pour cela que nous faisons usage de cookies afin par exemple de pouvoir vous identifier et vous permettre d&#8217;acc\u00e9der \u00e0 votre compte.&nbsp;Cette page vous permet de mieux comprendre comment fonctionnent les cookies et comment les param\u00e9trer.<\/p>\n\n\n\n<p><strong><em>D\u00e9finition d&#8217;un cookie<\/em><\/strong><\/p>\n\n\n\n<p>Un cookie est un fichier texte d\u00e9pos\u00e9 sur votre ordinateur lors de la visite d&#8217;un site ou de la consultation d&#8217;une publicit\u00e9. Il a pour but de collecter des informations relatives \u00e0 votre navigation et de vous adresser des services adapt\u00e9s \u00e0 votre terminal (ordinateur, mobile ou tablette).<br><\/p>\n\n\n\n<p>Les cookies sont g\u00e9r\u00e9s par votre navigateur internet.<\/p>\n\n\n\n<p><strong><em>Les diff\u00e9rents \u00e9metteurs<\/em><\/strong><\/p>\n\n\n\n<p><strong><em>Les cookies LUNEX&nbsp;<\/em><\/strong><\/p>\n\n\n\n<p>Il s&#8217;agit des cookies d\u00e9pos\u00e9s par LUNEX sur votre terminal pour r\u00e9pondre \u00e0 des besoins de navigation, d&#8217;optimisation et de personnalisation des services sur notre site.<\/p>\n\n\n\n<p><strong><em>Les cookies tiers<\/em><\/strong><\/p>\n\n\n\n<p>Il s&#8217;agit des cookies d\u00e9pos\u00e9s par des soci\u00e9t\u00e9s tierces (par exemple des partenaires) pour identifier vos centres d&#8217;int\u00e9r\u00eat et \u00e9ventuellement personnaliser l&#8217;offre publicitaire qui vous est adress\u00e9e sur et en dehors de notre site.<\/p>\n\n\n\n<p>Ils peuvent \u00eatre d\u00e9pos\u00e9s quand vous naviguez sur notre site ou lorsque vous cliquez dans les espaces publicitaires de notre site.<\/p>\n\n\n\n<p>Dans le cadre de partenariat, nous veillons \u00e0 ce que les soci\u00e9t\u00e9s partenaires respectent strictement la loi informatique et libert\u00e9s du 6 janvier 1978 modifi\u00e9e et s&#8217;engagent \u00e0 mettre en \u0153uvre des mesures appropri\u00e9es de s\u00e9curisation et de protection de la confidentialit\u00e9 des donn\u00e9es.]<\/p>\n\n\n\n<p><strong><em>Param\u00e9trer&nbsp;votre navigation Internet<\/em><\/strong><\/p>\n\n\n\n<p>Vous pouvez \u00e0 tout moment choisir de d\u00e9sactiver ces cookies. Votre navigateur peut \u00e9galement \u00eatre param\u00e9tr\u00e9 pour vous signaler les cookies qui sont d\u00e9pos\u00e9s dans votre ordinateur et vous demander de les accepter ou pas.<\/p>\n\n\n\n<p>Vous pouvez accepter ou refuser les cookies au cas par cas ou bien les refuser syst\u00e9matiquement.<\/p>\n\n\n\n<p>Nous vous rappelons que le param\u00e9trage est susceptible de modifier vos conditions d&#8217;acc\u00e8s \u00e0 nos contenus et services n\u00e9cessitant l&#8217;utilisation de cookies.<\/p>\n\n\n\n<p>Nous attirons votre attention sur le fait que votre opposition \u00e0 l&#8217;installation ou \u00e0 l&#8217;utilisation d&#8217;un cookie sera prise en compte par l&#8217;installation d&#8217;un \u00ab cookie de refus \u00bb sur votre terminal. Aussi, veillez \u00e0 ne pas supprimer ce cookie de refus si vous souhaitez que votre choix soit pris en compte.<\/p>\n\n\n\n<p>Internet Explorer<\/p>\n\n\n\n<p>Dans Internet Explorer, cliquez sur le bouton Outils, puis sur Options Internet.<\/p>\n\n\n\n<p>Sous l&#8217;onglet G\u00e9n\u00e9ral, sous Historique de navigation, cliquez sur Param\u00e8tres.<\/p>\n\n\n\n<p>Cliquez sur le bouton Afficher les fichiers.<\/p>\n\n\n\n<p>Firefox<\/p>\n\n\n\n<p>Allez dans l&#8217;onglet Outils du navigateur puis s\u00e9lectionnez le menu Options.<\/p>\n\n\n\n<p>Dans la fen\u00eatre qui s&#8217;affiche, choisissez Vie priv\u00e9e et cliquez sur Affichez les cookies.<\/p>\n\n\n\n<p>Safari<\/p>\n\n\n\n<p>Dans votre navigateur, choisissez le menu \u00c9dition &gt; Pr\u00e9f\u00e9rences.<\/p>\n\n\n\n<p>Cliquez sur S\u00e9curit\u00e9.<\/p>\n\n\n\n<p>Cliquez sur Afficher les cookies.<\/p>\n\n\n\n<p>Google Chrome<\/p>\n\n\n\n<p>Cliquez sur l&#8217;ic\u00f4ne du menu Outils.<\/p>\n\n\n\n<p>S\u00e9lectionnez Options.<\/p>\n\n\n\n<p>Cliquez sur l&#8217;onglet Options avanc\u00e9es et acc\u00e9dez \u00e0 la section Confidentialit\u00e9.<\/p>\n\n\n\n<p>Cliquez sur le bouton Afficher les cookies.<\/p>\n\n\n\n<hr class=\"wp-block-separator has-alpha-channel-opacity\"\/>\n\n\n\n<p><strong><em>&nbsp; &nbsp;LUNEX s&#8217;engage pour l&#8217;environnement<\/em><\/strong><\/p>\n\n\n\n<figure class=\"wp-block-image size-large\"><img fetchpriority=\"high\" decoding=\"async\" width=\"805\" height=\"1024\" src=\"http:\/\/lunextrading.com\/wp-content\/uploads\/2023\/08\/ecologique-805x1024.png\" alt=\"\" class=\"wp-image-1338\" srcset=\"https:\/\/lunextrading.com\/wp-content\/uploads\/2023\/08\/ecologique-805x1024.png 805w, https:\/\/lunextrading.com\/wp-content\/uploads\/2023\/08\/ecologique-600x763.png 600w, https:\/\/lunextrading.com\/wp-content\/uploads\/2023\/08\/ecologique-236x300.png 236w, https:\/\/lunextrading.com\/wp-content\/uploads\/2023\/08\/ecologique-768x977.png 768w, https:\/\/lunextrading.com\/wp-content\/uploads\/2023\/08\/ecologique-1208x1536.png 1208w, https:\/\/lunextrading.com\/wp-content\/uploads\/2023\/08\/ecologique.png 1560w\" sizes=\"(max-width: 805px) 100vw, 805px\" \/><\/figure>\n\n\n\n<p>LUNEX s&#8217;engage pour le respect de l&#8217;environnement et vous informe que l&#8217;ensemble des produits pour lesquels nous sommes premier \u00e9metteur sur le march\u00e9 Fran\u00e7ais font l&#8217;objet de consignes de tri en vue du recyclage des emballages et d\u00e9chets.<\/p>\n\n\n\n<p>LUNEX est \u00e9galement adh\u00e9rent EcoLogic, organisme national agr\u00e9\u00e9 par l&#8217;\u00e9tat pour organiser la collecte, la d\u00e9pollution et la valorisation des d\u00e9chets d&#8217;\u00e9quipement Electriques et Electroniques (DEEE).&nbsp; Pour en savoir plus sur les consignes de tri :&nbsp;www.consignesdetri.fr&nbsp;<\/p>\n\n\n\n<div style=\"height:100px\" aria-hidden=\"true\" class=\"wp-block-spacer\"><\/div>\n","protected":false},"excerpt":{"rendered":"<p>Conditions g\u00e9n\u00e9rales d&#8217;utilisation du site lunextrading.com&nbsp; &nbsp; &nbsp; &nbsp;&nbsp; Pr\u00e9ambule Le pr\u00e9sent contrat d\u00e9finit : &#8211; les conditions d\u2019acc\u00e8s de l&#8217;utilisateur (ci-apr\u00e8s d\u00e9sign\u00e9 &#8220;revendeur&#8221;) au site internet d\u2019LUNEX (ci-apr\u00e8s d\u00e9sign\u00e9 &#8220;site&#8221;) ce syst\u00e8me \u00e9tant compos\u00e9 du site internet LUNEX www.lunextrading.com et tous autres moyens d\u2019\u00e9changes \u00e9lectroniques pr\u00e9sents et \u00e0 venir, &#8211; les proc\u00e9dures de passation [&hellip;]<\/p>\n","protected":false},"author":1,"featured_media":0,"parent":0,"menu_order":0,"comment_status":"closed","ping_status":"closed","template":"","meta":{"footnotes":""},"jetpack_sharing_enabled":true,"_links":{"self":[{"href":"https:\/\/lunextrading.com\/index.php?rest_route=\/wp\/v2\/pages\/1141"}],"collection":[{"href":"https:\/\/lunextrading.com\/index.php?rest_route=\/wp\/v2\/pages"}],"about":[{"href":"https:\/\/lunextrading.com\/index.php?rest_route=\/wp\/v2\/types\/page"}],"author":[{"embeddable":true,"href":"https:\/\/lunextrading.com\/index.php?rest_route=\/wp\/v2\/users\/1"}],"replies":[{"embeddable":true,"href":"https:\/\/lunextrading.com\/index.php?rest_route=%2Fwp%2Fv2%2Fcomments&post=1141"}],"version-history":[{"count":15,"href":"https:\/\/lunextrading.com\/index.php?rest_route=\/wp\/v2\/pages\/1141\/revisions"}],"predecessor-version":[{"id":4168,"href":"https:\/\/lunextrading.com\/index.php?rest_route=\/wp\/v2\/pages\/1141\/revisions\/4168"}],"wp:attachment":[{"href":"https:\/\/lunextrading.com\/index.php?rest_route=%2Fwp%2Fv2%2Fmedia&parent=1141"}],"curies":[{"name":"wp","href":"https:\/\/api.w.org\/{rel}","templated":true}]}}